e value of 1 + (7 - 0 - 9)?
-1
What is 5 - (2 - 5) - 5 - 0?
3
What is 2 - -1 - 1 - (250 - 257)?
9
What is the value of 7 + -6 + 6 + -3?
4
-1 + (-3 - (-10 + 3 + 2))
1
What is the value of -5 + (-2 - 0 - -2)?
-5
6 - 6 - (10 + -3)
-7
Evaluate 4 + (4 - 2) + -3 + -8.
-5
Evaluate -3 + -13 + (-1 - -12).
-5
0 + -9 - (-59 + 52)
-2
15 + -16 + (6 - -2)
7
What is 6 + (8 - (6 - -2)) - 0?
6
What is the value of (-3 + 8 - 3) + -5 + 2?
-1
What is -7 + 5 + (-1 - -18) - 5?
10
Evaluate 8 + -2 - (51 + -40).
-5
Calculate 1 + 1 - (-17 + 20).
-1
Calculate -4 + 4 + 6 - (15 - 3).
-6
Evaluate -1 + 8 + (5 - (18 - 9)).
3
What is the value of 3 + (-5 + 1 - 1 - 1)?
-3
What is (-3 - -2) + -12 - (7 + -11)?
-9
Evaluate 420 + -414 - (7 + (0 - 0)).
-1
What is (5 + -8 - -2) + -3 + 9?
5
Calculate -4 + 7 + 1 - 5 - -6.
5
-1 + -1 + (-4 - -3)
-3
What is the value of -3 + 4 - (9 - 5)?
-3
What is the value of (0 - (-6 - -10)) + -1?
-5
(2 - 6 - -3) + (1 - 3)
-3
Calculate 1 - 1 - (22 - 22).
0
What is the value of 4 + -4 - (3 - -3 - 4)?
-2
-8 + 15 + -13 + -1 + 8
1
What is the value of -1 - -5 - (9 + -7 + 2)?
0
Evaluate 0 - (-4 + 6 + -6 + 1).
3
What is the value of (1 - (3 - -1)) + -4 + 0?
-7
Calculate 37 + -42 + 13 + 0 - 8.
0
What is the value of 3 + -2 + (-6 - (-7 + 4))?
-2
Calculate 6 + (-1 + -3 - (5 - 5)).
2
(-1 - 3) + (2 - -2) + -3
-3
Evaluate -4 + 13 + -4 + 0.
5
What is (-8 - (-8 - 8)) + -7?
1
Evaluate (3 - 12) + 11 + -11.
-9
Evaluate 3 - ((1 - 0) + -2).
4
Evaluate -5 - 7 - (1 + -5).
-8
What is -1 + (7 - -1) + -4?
3
Evaluate (9 - 0 - 7) + -1 + -6.
-5
Evaluate -1 + -6 - (7 - (11 + -2)).
-5
Calculate -3 + (-4 + 4 - (-7 + 3)).
1
Evaluate 5 + -6 + -1 + 8.
6
Calculate 1 - (3 - (6 + 0)).
4
10 + (8 - 34 - -9)
-7
What is the value of -3 + -7 + 4 - (-3 - 1)?
-2
What is -3 - (-13 - -8) - (0 - 1)?
3
What is the value of (-64 - -65) + 2 + -3 + -3?
-3
What is the value of -4 + 4 + 0 - 0?
0
Calculate -10 - ((1 + -5 - 1) + -1).
-4
Evaluate 6 + (-4 - 2) + -4 + -2.
-6
Calculate 11 + (0 - 3) + -11.
-3
What is the value of 0 + (-4 - (-4 + -4))?
4
Calculate 11 + 3 + -7 + 1 + -4.
4
Calculate 2 - 1 - (-6 - -3).
4
Evaluate (0 - 0) + -18 + -3 + 19.
-2
What is 6 - 12 - (-2 + -3)?
-1
Evaluate -2 + 7 + -3 + -2.
0
2 - (4 - (7 + -4))
1
What is the value of -14 - ((29 - 32) + -1 + -3)?
-7
Calculate (-5 - 2) + 7 + -2 + 10.
8
Calculate 3 + -7 + 1 + 2.
-1
What is the value of -3 - -2 - 2 - -3?
0
What is 0 + 1 - (2 + 3 - 12)?
8
Evaluate -6 - -1 - (-1 - (2 + -3)).
-5
Calculate -12 + 7 + (7 - 6).
-4
(0 - (9 + -3)) + 3
-3
Calculate -3 - (-1 - (4 + -5 + 2)).
-1
13 - -3 - (4 + 1 + 1)
10
What is the value of (5 - -4) + 0 + -2?
7
-3 - ((7 - 7) + -8)
5
What is the value of 4 + (-6 + 1 - -7) + -8?
-2
What is the value of (2 - (-4 + 6) - -7) + -3?
4
What is the value of -6 + -2 + 11 + -2?
1
What is -4 + -1 + 8 + 2?
5
What is 6 - 4 - (3 + 0) - 2?
-3
What is -4 - 4 - (-2 + -2 + 1)?
-5
0 + 0 - (-16 + (13 - 1))
4
Calculate -2 + 5 - 0 - 3.
0
Evaluate (-1 - (2 - 6)) + -11 + 4.
-4
What is the value of -6 + 4 + 4 + -5 - -3?
0
Calculate (-357 - -354) + (0 - -1 - -9).
7
(4 - 1) + 1 + -2 - -2
4
Evaluate (-3 - (-4 - -2)) + 2 + -1.
0
Calculate 11 + -4 - (-2 - (-6 + 1)).
4
Evaluate -2 - (3 + -3) - -2.
0
Evaluate -2 + 0 + 2 - 6.
-6
Evaluate -2 + -3 + 6 + (-4 - -8).
5
What is the value of 2 + -12 + (-13 - (-31 - -12))?
-4
What is 2 - (16 + (-5 - 0))?
-9
What is -2 + 4 + 2 - (24 - 24)?
4
Calculate 0 - -1 - (0 - (-1 - -2)).
2
Calculate (-43 + 41 - (1 + -2)) + 1.
0
What is 4 - (3 + -4 - -4)?
1
Calculate -5 + -1 + 7 + 3.
4
Evaluate 2 - (37 + -30 + -1 + -3).
-1
Calculate 5 - (0 - -2) - -3.
6
What is (-1 + 6 - 4) + (0 - -1)?
2
Calculate -9 + 15 - (3 + 0) - 2.
1
Calculate (-2 + 5 - 3) + 3.
3
(-1 - -2 - (-1 + 4)) + 7
5
What is -10 - -18 - 10 - 5?
-7
What is -2 - (5 + (-7 - -1))?
-1
Evaluate -2 + 0 + -3 + 8 - 0.
3
What is 9 + (-7 - 2) + 0 + -3?
-3
What is -5 + (8 - 11) + 14?
6
What is 12 - (8 + 1 + -2)?
5
Evaluate 1 - ((-9 - 6) + 13).
3
What is -6 - ((2 - (-2 + 3)) + -5)?
-2
What is 2 - (-5 - (-4 + -7))?
-4
What is 0 - (-2 - (-12 - -7))?
-3
Evaluate 3 + (-14 + 4 - -1) + 7.
1
Evaluate -10 + (1 - -6) + 9.
6
Calculate 6 + -5 + -4 + -5.
-8
What is the value of (13 - 3 - 3) + -4?
3
Evaluate 1 - 0 - (43 + -47).
5
1 - ((-13 - -11) + 0 + 4)
-1
What is the value of -1 - (1 - (-6 + 4))?
-4
What is 3 + (2 - (8 + -3)) + 4?
4
(-141 - -137) + (5 - (-1 - 0))
2
Calculate 25 + -2 + -11 + -8.
4
1 + -3 + (13 + -3 - 1)
7
What is the value of -8 - (-9 - (-6 + 6))?
1
Calculate -1 - -1 - (-8 - -5).
3
Calculate -8 - (-1 + (-3 - 9)).
5
Calculate 3 - (4 - 2) - (-7 - -5).
3
Calculate -3 - -5 - 6 - 1 - -2.
-3
What is -39 + 33 + (-2 - -7)?
-1
What is 15 + -16 + (0 - -2)?
1
Calculate -1 - (2 - (0 + (0 - -4))).
1
1 - 6 - -1 - (-5 - -2)
-1
Evaluate -11 + 1 - (16 - 23).
-3
Calculate (69 - 88) + (15 - 1).
-5
(1 - 5 - -4 - -6) + -6
0
-9 + (6 - (5 + -3))
-5
Calculate -1 - (-2 - -2) - 0.
-1
What is the value of 5 + (0 - 3) + (-2 - -5)?
5
-7 + 4 + -2 + (4 - 4)
-5
What is the value of 5 - (17 + -2 - 7)?
-3
What is -9 - (-4 + (-4 - -3))?
-4
Calculate -1 + (-7 - -2 - -5).
-1
Evaluate 8 + (-5 + 3 + -5 - 2).
-1
What is the value of (-8 + 5 - -3 - 0) + 1?
1
What is -1 - (5 - 1) - (-13 - -16)?
-8
-5 - (-1 + 1 - (0 + 1))
-4
Calculate (1 - (3 + (5 - 13))) + -8.
-2
What is (12 - (-5 + 9)) + -14?
-6
Calculate 1 + 1 - (2 + -1).
1
What is 2 + 0 - (5 - -2)?
-5
What is the value of (-1 + -9 - (0 - 3)) + 12?
5
Calculate -7 - (-2 - 3) - -4.
2
Evaluate -10 + 8 - -5 - -4.
7
What is the value of -1 - (-56 + 50 + (-2 - -8))?
-1
What is the value of -8 - (-7 + 4) - (-3 + 0)?
-2
What is (1 - -1) + (-7 - (2 - 7))?
0
What is the value of 4 + (-3 - -1) + (5 - 11)?
-4
What is -4 - -8 - (0 - -3)?
1
Calculate -3 + -3 + -2 - (2 + -7).
-3
What is (-3 - 7) + 6 - (2 - 12)?
6
-2 - -1 - (-16 - -14)
1
(0 - -2) + (-4 - -7)
5
What is the value of -3 + 6 - 2 - -2?
3
Evaluate 2 + -2 + 1 + 3 + -2.
2
Calculate (3 - 1) + (-8 - -12) - 2.
4
Calculate -2 + 2 - 6 - -6.
0
Evaluate -8 + -4 + 19 + -7 + 7.
7
Evaluate 1 - 0 - (19 + -15) - -3.
0
Evaluate -2 + (5 + -5 - -4).
2
7 + 8 - (20 + -9)
4
What is the value of (-1 - (-7 - -5)) + 1?
2
What is the value of -5 + 3 + -2 + -1?
-5
What is -17 - (-2 + -8 + 0)?
-7
Evaluate -8 - (3 - 6) - (5 - 8).
-2
Evaluate 5 + -3 - -3 - 5.
0
What is the value of -2 + 6 - (5 - (4 + -1))?
2
6 + (-2 - 4) + 4
4
Calculate -3 + (-1 - 2) + 10.
4
What is -3 + (-4 - (-3 - -1 - 4))?
-1
Calculate 1 + -1 + (27 - (43 + -16)).
0
Evaluate (-9 - -11) + (-1 - 0) + 3.
4
What is the value of 4 + -6 + 4 - 0?
2
What is 3 + 3 + -7 + 2?
1
What is the value of 3 - -2 - (7 + -7)?
5
(27 - 28) + (1 - -1) + -2
-1
What is the value of 2 + (13 - 5) - (0 + 4)?
6
Calculate -18 - -23 - (1 + 4).
0
Evaluate (-8 - -1) + 5 - (1 - 1).
-2
What is the value of 2 + (-6 + -2 - -5)?
-1
What is the value of -5 + 9 - -2 - 6?
0
What is the value of 20 - 23 - (-3 - 1)?
1
Calculate -1 + 4 + 194 + -205.
-8
Evaluate 6 + (0 - (-1 - 0)) - 2.
5
What is the value of 23 - (12 - 3) - 10?
4
What is -1 + 7 + (2 - 7) + 5?
6
-7 - 4 - -8 - -7
4
What is 4 - ((15 - 1) + -9)?
-1
Evaluate (0 - 4) + (75 - 75).
-4
(-41 - -44) + 0 + (-1 - 2)
0
What is the value of (28 - 12) + -8 - (-1 - -1)?
8
Calculate 1 + 4 + 39 + -41.
3
What is the value of 13 + 0 + -17 + 7?
3
What is the value of 1 + (-4 - -3) + 0 + -4?
-4
What is the value of 4 + (3 - 16) + 7?
-2
What is 19 - -1 - (-100 - -110)?
10
Calculate (4 - -13) + -12 + 3.
8
Evaluate 4 - 2 - (-1 + 0 - -3).
0
What is the value of -10 + 10 - (-3 + 8)?
-5
Calculate -13 + 7 + -1 + 2.
-5
Calculate -6 - (4 + -7 + -3).
0
4 + 2 + -3 + -8
-5
Evaluate 3 - (-3 - -8) - -5.
3
9 + 0 + 5 - 11
3
(-6 - (1 + -7)) + (-3 - 0)
-3
Calculate (-1 - (3 + -7)) + -5 + -2.
-4
0 - 2 - (-49 + 43)
4
Evaluate (-4 - (2 + -2)) + -1.
-5
Evaluate 0 + (3 - 0 - (11 - 8)).
0
Calculate -12 - -2 - -2 - -8.
0
What is the value of 13 + -3 + -1 - 3?
6
What is the value of -6 + -5 - -19 - 10?
-2
Evaluate (-3 + -2 - -8) + -1 - -2.
4
What is -2 + (14 - 6) + -7?
-1
What is the value of -4 - (-7 + 6 + (-2 - -1))?
-2
What is -16 - -22 - (0 - 0 - -2)?
4
Evaluate -1 + -6 + (8 - -4) + -4.
1
(7 - 0 - 0) + -456 + 450
1
What is -12 - -9 - (-2 + -6)?
5
What is (-9 - 3 - -6 - -8) + 5?
7
What is (-36 - -25) + (13 - 1)?
1
What is the value of -1 + 4 + (9 - 14)?
-2
0 + -4 + 13 + -16 +